r?
False
Suppose -6*n + 3*n = -5*h - 73, -5*h - 67 = 3*n. Is (-12112)/h - (-14)/(-98) composite?
True
Let c(o) = 78*o + 422. Let g be c(-34). Is (g/30)/(2/(-114)) a prime number?
False
Let h = -143 + 701. Suppose 0 = -12*c + 15*c - h. Is c - (-2 + -2 - 12/(-4)) a composite number?
True
Suppose 2*q - 1077218 = 4*b, 2*q - 62*b = -57*b + 1077212. Is q a prime number?
True
Suppose 3*g - 328530 = -t, 15*t = 5*g + 14*t - 547558. Is g composite?
True
Let k be (-201888)/30 - 4/10. Let w = k + 11491. Suppose 5*x = 4*u - 3921, -4*u + w = 4*x + 885. Is u prime?
False
Suppose -728511 - 6251996 = 24*d - 95*d. Is d a prime number?
True
Let p = -68 + 57. Let u(w) = -w**3 - 14*w**2 + 3*w - 12. Let j be u(p). Let i = j - -609. Is i a composite number?
True
Let s be (8 - (1 - 0))/(-1). Let u(k) = -k**3 + 14*k**2 + 6*k + 4. Let f(x) = -x**3 + 3*x. Let n(y) = -2*f(y) + u(y). Is n(s) composite?
False
Let i be 25/2*(-4)/5. Let y be 2*(12/(-15))/(i/75). Suppose 4*v = y*v - 8728. Is v a composite number?
False
Let z = 75 - 80. Let h(y) be the second derivative of -35*y**3/6 + 6*y**2 + 39*y. Is h(z) a prime number?
False
Let x = -62 - -63. Suppose -k + 6 - x = 0. Suppose 4*z + 4*q - 6559 = -535, -k = 5*q. Is z prime?
False
Let o(c) = -640*c**3 - 2*c**2 + 7*c + 6. Let b be o(-4). Suppose b = -4*p + 13978. Let j = -4789 - p. Is j composite?
True
Let f(b) = -17*b + 6. Let s be f(-4). Suppose 2*a - 16365 = 3*d, a - 8184 = -73*d + s*d. Is a a composite number?
True
Suppose 7*w - 501 = -452. Suppose w*s - 13053 - 248880 = 0. Is s a prime number?
False
Let j(a) = 0 + 10 - 379*a + 64*a. Suppose 0 = 3*f, -l - 4 = -657*f + 653*f + 3. Is j(l) a prime number?
False
Let t be (-51*1)/(11/(-11)). Let w = t + -48. Is (317/(-1))/(w/(-3)) composite?
False
Let u = 15 - 24. Suppose 2*r + 4*v - 12 = 0, v = 23 - 18. Is (-6)/r*(-4 - 10698/u) a prime number?
True
Suppose 520*v = 523*v - 15. Is 8773 + (-36)/((-30)/v) prime?
True
Suppose 0 = 65*y - 63*y - 6. Let p(n) = -4 - 3 + y + 1257*n. Is p(1) prime?
False
Let c = 75 + -15. Suppose -56*k = -c*k + 2524. Is k a prime number?
True
Suppose 4*d = 11*d - 21. Suppose 7*z - 9*z = -d*c - 28, 0 = -2*c - z - 14. Let k(i) = -194*i + 33. Is k(c) prime?
False
Let m be -1*(-3 - 5857)*(-3 + 4). Suppose 4*b - 5858 = 3*x, m = 4*b - 8*x + 6*x. Is b a prime number?
False
Let q = -40534 + 247911. Is q a prime number?
True
Let g = -28 - -33. Let t be (-29295)/(-12) - (-5)/(-20). Suppose -g*x + 658 = -2*k + t, -3*k - 2*x + 2627 = 0. Is k composite?
True
Let a(b) = 739*b - 17. Let i(j) = -j - 1. Let w(v) = a(v) + 3*i(v). Let z be w(5). Let g = z - 2401. Is g a composite number?
False
Suppose -2*a - 3*n + 162 = 0, -3*a - 4*n + 194 = -47. Is -2*(-72918)/(-45)*a/(-12) prime?
False
Let y(c) = -c**3 - c + 10. Let m be y(0). Suppose -m*p - 90867 = -31*p. Is p a composite number?
False
Let r(k) = -2*k + 4. Let z(d) = -d + 2. Let m(s) = 3*r(s) - 7*z(s). Let l be m(6). Suppose 3*p - l*p = 5*n - 1004, 0 = 2*n + 3*p - 399. Is n prime?
False
Suppose 4*c - 8090 = 5*v + 403716, -3*v = -18. Is c prime?
False
Suppose i - 12521 = 2*u, 4*u - 25072 = 8*u + 4*i. Let l = u - -13146. Is l a composite number?
False
Let r(a) = a**3 + 17*a**2 - 21*a - 45. Let g be r(-18). Suppose -g*v + 121850 = v. Is v a prime number?
False
Let d(j) = -181*j - 1. Let z be d(1). Let g(p) = 3*p**2 - 18*p + 58. Let a be g(13). Let w = z + a. Is w composite?
False
Let p(r) = -5*r + 5. Let k be p(0). Suppose 2*d = 7 - 5, 5*v = k*d + 14480. Is v prime?
True
Is ((-8 - -17) + -10)*-298139 a prime number?
False
Suppose -3*d + 2 = -7. Suppose 8*k - 65087 = -d*k. Is k composite?
True
Let a(w) = -142*w + 851. Is a(-38) a composite number?
False
Let p be 6 + 5 + 25568 + -1. Suppose -5*k + 10457 + p = 0. Is k prime?
True
Let r be 9125/20 - 5/((-120)/18). Suppose 441*c - r*c + 7184 = 0. Is c prime?
True
Suppose -3*k = -2*y - k - 2, 11 = -2*y + 5*k. Suppose 4*j + 8 = -y*s, -j + 0*j + 12 = 4*s. Is 1/j - (-2516)/(-16)*-1 a composite number?
False
Suppose -28 - 17 = -9*i. Suppose -n - 5*y + 10 = -5, -i*y + 25 = 3*n. Suppose 0 = -2*c - n*j + 2134, -3*c + 5*j + 2549 = -702. Is c prime?
False
Is (-2)/13 + 14122395/91 prime?
True
Let z(r) = 21*r**2 + 165*r + 4661. Is z(134) a composite number?
True
Suppose -5*y - 1030*k + 219266 = -1031*k, -y = 3*k - 43850. Is y a prime number?
True
Let p(g) = 38*g - 9. Let q(a) = 18 - 15*a - 10*a - 52*a. Let j(x) = -7*p(x) - 3*q(x). Is j(-6) composite?
True
Is (-50212 - (-90)/(-10))/(-1) composite?
False
Let p(a) = 29*a**2 + 20*a + 198. Let c(o) = -o**2 - o + 2. Let y(r) = 5*c(r) + p(r). Is y(-31) a prime number?
True
Let w be 5/20 - (-2111)/4. Suppose -5*i + w = -397. Suppose -f = 4*f - i. Is f a prime number?
True
Suppose 4*z = 3*w - 24, 3*w - 2*z - 21 = -3. Suppose 0 = -j + w*a + 3895, 5 = -3*a + 14. Is j prime?
True
Let r be ((-1)/10 - (-36)/(-90))*-59582. Suppose 5*g - 4*k - r = 0, -k - 15827 - 2049 = -3*g. Suppose 2*t - 4*s - 2386 = -3*s, 5*t - g = 4*s. Is t composite?
True
Suppose 4 = -5*n + n. Suppose 0 = -15*h + 459 + 81. Is ((-2142)/h)/(n/2) a composite number?
True
Suppose -9*a = -68 + 23. Suppose -5*u = 11*q - 13*q + 1892, -3774 = -4*q + a*u. Is q a composite number?
False
Suppose -6*c = -8*c + 114. Let q = -54 + c. Suppose 0 = 4*y - o - 9448, -5*y = -o + q*o - 11823. Is y a composite number?
True
Suppose 0 = 3*s - 9*b + 12*b - 167283, -5*s = -4*b - 278823. Is s a prime number?
True
Let n be (-422)/6*(3 - 6 - 0). Suppose 2250 = -5*t + 2*k, 0 = t - 2*k + 247 + n. Let a = -237 - t. Is a a composite number?
False
Let u(b) = -27493*b**3 - 14*b**2 - 18*b - 13. Is u(-2) a composite number?
False
Suppose -4*p + p + 1113 = l, -3*l + 3404 = -4*p. Let g = l + 10867. Is g a prime number?
False
Let m(a) be the second derivative of 11*a**4 + 9*a**3/2 - 53*a**2 + 193*a. Is m(5) composite?
False
Let q(p) = 2*p**3 - 2*p**2 - 2*p + 6401. Let r be q(0). Suppose -3*t + 14601 = 5*z - r, 2*z - 2 = 0. Is t prime?
False
Suppose 75 = 12*u + 27. Suppose 0 = w - 4, 2*w = 2*t + u*w - 21514. Is t composite?
False
Suppose 4*u + o - 709 = 1862, 0 = 2*u - 2*o - 1278. Is ((-146)/4)/(3*(-1)/u) prime?
False
Suppose 3*n - 32761 = -5*t - 3480, -3*t = 3*n - 17571. Is t composite?
True
Suppose 3*w + 415*x - 412*x - 144300 = 0, 0 = -2*w + 3*x + 96195. Is w a composite number?
True
Let x(c) = -950*c + 9. Let r be x(-3). Let s = r - 1883. Suppose 3*g - 1745 = s. Is g composite?
False
Is ((-14 - -18)*1/3)/(8/999246) a prime number?
True
Suppose 0 = 4*w - 2*w - 23372. Suppose -14*a - 5*j - 215 = -19*a, 231 = 5*a + 3*j. Is 18/a - w/(-10) a composite number?
True
Let p be 2 - -2 - 2/2. Let i(m) = m**p - m - 11 - 4*m + m - 5*m**2. Is i(7) composite?
False
Suppose 3*h - 84833 = 4*w, -4*h = -9*h - w + 141419. Is h a prime number?
True
Let w be -63*((-30)/5)/(-3). Let y = -87 - w. Suppose -g + 250 = y. Is g prime?
True
Let m(n) = 538*n**2 + n - 6. Let l be m(2). Suppose -6*s = -7*s + l. Suppose 9*a - 5*a - s = 0. Is a prime?
False
Let t be ((-4)/(-6))/((-1)/(-180)). Let o be (4964/6)/(16/t). Suppose -2*w + o = 5*r, -3*r - 7351 = -2*w - 1170. Is w prime?
False
Let b(x) = -x**3 + 61*x**2 - 395*x + 117. Is b(50) a prime number?
True
Let p(b) be the third derivative of 0 - 1/40*b**6 + 0*b + b**3 - 1/60*b**5 - 5/24*b**4 + 40*b**2. Is p(-4) a prime number?
False
Let c(v) = v**2 + 7*v + 5. Let g be c(-7). Suppose -g*u - 2*i = -20, -7 = -4*i + 13. Is u - (-4)/((-16)/(-1236)) a prime number?
True
Let g(b) = -b + 21. Let i be g(16). Suppose 2*r - 15 - i = 4*v, -2*v - 10 = -4*r. Suppose r = 27*w - 25*w - 8254. Is w a composite number?
False
Let m(k) = -6444*k + 7. Let z be 1 - (12/(-30) + 17/5). Is m(z) composite?
True
Let r(a) = 7*a**2 + 11*a + 4. Let d(q) = -13*q**2 - 21*q - 8. Let p(z) = 6*d(z) + 11*r(z). Let i be p(-3). Is 485 + (i + -1)*2 prime?
True
Let p = -1424320 - -2322827. Is p a composite number?
True
Let j(z) = -240*z - 1475. Is j(-18) composite?
True
Let t(n) = -1 - 1625*n - 11 + 76. Is t(-15) a composite number?
False
Suppose 109*g + 918848 + 9135 = 5867754. Is g a prime number?
True
Suppose j - r - 14 = 2*j, 3*j + 4*r = -41. Let p be ((-35384)/(-6))/((-10)/j). Suppose -p + 2911 = -5*w. Is w composite?
False
Let b = -5 - -564. Let u = b + -280. Suppose -c = -p + c + 93, -3*p - 3*c = -u. Is p a prime number?
False
Let p